{"id":428,"date":"2023-12-23T02:54:55","date_gmt":"2023-12-23T02:54:55","guid":{"rendered":"https:\/\/guanteslemus.com\/?page_id=428"},"modified":"2024-01-30T00:44:08","modified_gmt":"2024-01-30T00:44:08","slug":"determine-su-talla","status":"publish","type":"page","link":"https:\/\/guanteslemus.com\/?page_id=428","title":{"rendered":"Determine su talla"},"content":{"rendered":"\n<div class=\"container section-title-container\" ><h3 class=\"section-title section-title-normal\"><b aria-hidden=\"true\"><\/b><span class=\"section-title-main\" >DETERMINE SU TALLA<\/span><b aria-hidden=\"true\"><\/b><\/h3><\/div>\n\n<p class=\"lead\"> Mida el ancho de la palma de su mano como se muestra en la ilustraci\u00f3n. La medida en cent\u00edmetros es el n\u00famero de su talla. <\/p>\n<ul>\n<li class=\"p1\">La seguridad incrementa la productividad.<\/li>\n<li class=\"p1\">La elecci\u00f3n de la talla es muy importante no s\u00f3lo hablando de comodidad, ergonom\u00eda o protecci\u00f3n del usuario, sino tambi\u00e9n por la realizaci\u00f3n precisa del trabajo.<\/li>\n<li class=\"p1\">Una mala elecci\u00f3n de talla nos puede llevar a realizar un trabajo de forma ineficiente, adem\u00e1s que se incrementa el riesgo de errores y accidentes; as\u00ed como el tiempo en cada proceso.<\/li>\n<\/ul>\n\t<div class=\"img has-hover x md-x lg-x y md-y lg-y\" id=\"image_1613468509\">\n\t\t\t\t\t\t\t\t<div class=\"img-inner dark\" style=\"margin:0px 0px 0px 0px;\">\n\t\t\t<img loading=\"lazy\" decoding=\"async\" width=\"731\" height=\"731\" src=\"https:\/\/guanteslemus.com\/wp-content\/uploads\/2023\/12\/talla.jpg\" class=\"attachment-original size-original\" alt=\"\" srcset=\"https:\/\/guanteslemus.com\/wp-content\/uploads\/2023\/12\/talla.jpg 731w, https:\/\/guanteslemus.com\/wp-content\/uploads\/2023\/12\/talla-247x247.jpg 247w, https:\/\/guanteslemus.com\/wp-content\/uploads\/2023\/12\/talla-100x100.jpg 100w, https:\/\/guanteslemus.com\/wp-content\/uploads\/2023\/12\/talla-670x670.jpg 670w, https:\/\/guanteslemus.com\/wp-content\/uploads\/2023\/12\/talla-400x400.jpg 400w, https:\/\/guanteslemus.com\/wp-content\/uploads\/2023\/12\/talla-280x280.jpg 280w\" sizes=\"auto, (max-width: 731px) 100vw, 731px\" \/>\t\t\t\t\t\t\n\t\t\t\t\t<\/div>\n\t\t\t\t\t\t\t\t\n<style>\n#image_1613468509 {\n  width: 65%;\n}\n<\/style>\n\t<\/div>\n\t\n\n\n","protected":false},"excerpt":{"rendered":"","protected":false},"author":82,"featured_media":0,"parent":0,"menu_order":18,"comment_status":"closed","ping_status":"closed","template":"","meta":{"footnotes":""},"class_list":["post-428","page","type-page","status-publish","hentry"],"_links":{"self":[{"href":"https:\/\/guanteslemus.com\/index.php?rest_route=\/wp\/v2\/pages\/428","targetHints":{"allow":["GET"]}}],"collection":[{"href":"https:\/\/guanteslemus.com\/index.php?rest_route=\/wp\/v2\/pages"}],"about":[{"href":"https:\/\/guanteslemus.com\/index.php?rest_route=\/wp\/v2\/types\/page"}],"author":[{"embeddable":true,"href":"https:\/\/guanteslemus.com\/index.php?rest_route=\/wp\/v2\/users\/82"}],"replies":[{"embeddable":true,"href":"https:\/\/guanteslemus.com\/index.php?rest_route=%2Fwp%2Fv2%2Fcomments&post=428"}],"version-history":[{"count":2,"href":"https:\/\/guanteslemus.com\/index.php?rest_route=\/wp\/v2\/pages\/428\/revisions"}],"predecessor-version":[{"id":3690,"href":"https:\/\/guanteslemus.com\/index.php?rest_route=\/wp\/v2\/pages\/428\/revisions\/3690"}],"wp:attachment":[{"href":"https:\/\/guanteslemus.com\/index.php?rest_route=%2Fwp%2Fv2%2Fmedia&parent=428"}],"curies":[{"name":"wp","href":"https:\/\/api.w.org\/{rel}","templated":true}]}}